{"id":261,"date":"2016-11-10T15:42:51","date_gmt":"2016-11-10T15:42:51","guid":{"rendered":"https:\/\/oceanwp.org\/architect\/?page_id=261"},"modified":"2022-03-06T13:20:01","modified_gmt":"2022-03-06T12:20:01","slug":"work","status":"publish","type":"page","link":"https:\/\/test.mdfarbenfabrik.de\/?page_id=261","title":{"rendered":"Dienste"},"content":{"rendered":"\t\t<div data-elementor-type=\"wp-page\" data-elementor-id=\"261\" class=\"elementor elementor-261\" data-elementor-settings=\"[]\">\n\t\t\t\t\t\t\t<div class=\"elementor-section-wrap\">\n\t\t\t\t\t\t\t<section class=\"elementor-section elementor-top-section elementor-element elementor-element-aa278b4 elementor-section-boxed elementor-section-height-default elementor-section-height-default\" data-id=\"aa278b4\" data-element_type=\"section\">\n\t\t\t\t\t\t<div class=\"elementor-container elementor-column-gap-default\">\n\t\t\t\t\t<div class=\"elementor-column elementor-col-25 elementor-top-column elementor-element elementor-element-ede7fe5\" data-id=\"ede7fe5\" data-element_type=\"column\">\n\t\t\t<div class=\"elementor-widget-wrap elementor-element-populated\">\n\t\t\t\t\t\t\t\t<div class=\"elementor-element elementor-element-abce31d elementor-widget elementor-widget-text-editor\" data-id=\"abce31d\" data-element_type=\"widget\" data-widget_type=\"text-editor.default\">\n\t\t\t\t<div class=\"elementor-widget-container\">\n\t\t\t<style>\/*! elementor - v3.5.5 - 03-02-2022 *\/\n.elementor-widget-text-editor.elementor-drop-cap-view-stacked .elementor-drop-cap{background-color:#818a91;color:#fff}.elementor-widget-text-editor.elementor-drop-cap-view-framed .elementor-drop-cap{color:#818a91;border:3px solid;background-color:transparent}.elementor-widget-text-editor:not(.elementor-drop-cap-view-default) .elementor-drop-cap{margin-top:8px}.elementor-widget-text-editor:not(.elementor-drop-cap-view-default) .elementor-drop-cap-letter{width:1em;height:1em}.elementor-widget-text-editor .elementor-drop-cap{float:left;text-align:center;line-height:1;font-size:50px}.elementor-widget-text-editor .elementor-drop-cap-letter{display:inline-block}<\/style>\t\t\t\t<h2>Malerarbeiten<\/h2>\n<strong>Verbessern sie ihr Wohngef\u00fchl mit Farbe, Tapete oder dekorativen Wandtechniken. Nat\u00fcrlich ver\u00e4ndern wir auch ihr Haus von au\u00dfen. Neue Fassadengestaltung mittels Farbe oder komplette Sanierung, von Putz bis W\u00e4rmeverbundsystemen<\/strong>\t\t\t\t\t\t<\/div>\n\t\t\t\t<\/div>\n\t\t\t\t\t<\/div>\n\t\t<\/div>\n\t\t\t\t<div class=\"elementor-column elementor-col-25 elementor-top-column elementor-element elementor-element-d75ca72\" data-id=\"d75ca72\" data-element_type=\"column\">\n\t\t\t<div class=\"elementor-widget-wrap elementor-element-populated\">\n\t\t\t\t\t\t\t\t<div class=\"elementor-element elementor-element-27e331c elementor-widget elementor-widget-text-editor\" data-id=\"27e331c\" data-element_type=\"widget\" data-widget_type=\"text-editor.default\">\n\t\t\t\t<div class=\"elementor-widget-container\">\n\t\t\t\t\t\t\t<h2>Q3-Q4 Spachtelung<\/h2>\n\n<strong>Glatte W\u00e4nde in Q3 Qualit\u00e4t, geeignet f\u00fcr Glattvliese oder sonstige Vliestapeten. Edle glatte Q4-W\u00e4nde, geeignet f\u00fcr nachfolgende Anstriche ohne Tapete\n<\/strong>\t\t\t\t\t\t<\/div>\n\t\t\t\t<\/div>\n\t\t\t\t\t<\/div>\n\t\t<\/div>\n\t\t\t\t<div class=\"elementor-column elementor-col-25 elementor-top-column elementor-element elementor-element-7966a68\" data-id=\"7966a68\" data-element_type=\"column\">\n\t\t\t<div class=\"elementor-widget-wrap elementor-element-populated\">\n\t\t\t\t\t\t\t\t<div class=\"elementor-element elementor-element-9d2b99c elementor-widget elementor-widget-text-editor\" data-id=\"9d2b99c\" data-element_type=\"widget\" data-widget_type=\"text-editor.default\">\n\t\t\t\t<div class=\"elementor-widget-container\">\n\t\t\t\t\t\t\t<h2>Trockenbau<\/h2>\n\n<strong>\nVer\u00e4ndern Sie Ihre R\u00e4umlichkeiten. Ob neue W\u00e4nde oder abgeh\u00e4ngte Decken, sprechen Sie uns an<\/strong>\t\t\t\t\t\t<\/div>\n\t\t\t\t<\/div>\n\t\t\t\t\t<\/div>\n\t\t<\/div>\n\t\t\t\t<div class=\"elementor-column elementor-col-25 elementor-top-column elementor-element elementor-element-902ab87\" data-id=\"902ab87\" data-element_type=\"column\">\n\t\t\t<div class=\"elementor-widget-wrap elementor-element-populated\">\n\t\t\t\t\t\t\t\t<div class=\"elementor-element elementor-element-e75181b elementor-widget elementor-widget-text-editor\" data-id=\"e75181b\" data-element_type=\"widget\" data-widget_type=\"text-editor.default\">\n\t\t\t\t<div class=\"elementor-widget-container\">\n\t\t\t\t\t\t\t<h2>Bodenbel\u00e4ge<\/h2>\n\n<strong>Ob Laminat- oder Vinylboden, wir legen Ihnen Ihren Boden<\/strong>\t\t\t\t\t\t<\/div>\n\t\t\t\t<\/div>\n\t\t\t\t\t<\/div>\n\t\t<\/div>\n\t\t\t\t\t\t\t<\/div>\n\t\t<\/section>\n\t\t\t\t\t\t<\/div>\n\t\t\t\t\t<\/div>\n\t\t","protected":false},"excerpt":{"rendered":"<p>Malerarbeiten Verbessern sie ihr Wohngef\u00fchl mit Farbe, Tapete oder dekorativen Wandtechniken. Nat\u00fcrlich ver\u00e4ndern wir auch ihr Haus von au\u00dfen. Neue Fassadengestaltung mittels Farbe oder komplette Sanierung, von Putz bis W\u00e4rmeverbundsystemen Q3-Q4 Spachtelung Glatte W\u00e4nde in Q3 Qualit\u00e4t, geeignet f\u00fcr Glattvliese oder sonstige Vliestapeten. Edle glatte Q4-W\u00e4nde, geeignet f\u00fcr nachfolgende Anstriche ohne Tapete Trockenbau Ver\u00e4ndern Sie [&hellip;]<\/p>\n","protected":false},"author":1,"featured_media":0,"parent":0,"menu_order":0,"comment_status":"closed","ping_status":"closed","template":"","meta":{"footnotes":""},"class_list":["post-261","page","type-page","status-publish","hentry","entry"],"yoast_head":"<!-- This site is optimized with the Yoast SEO plugin v18.1 - https:\/\/yoast.com\/wordpress\/plugins\/seo\/ -->\n<title>Dienste - M&amp;D Farbenfabrik<\/title>\n<meta name=\"robots\" content=\"noindex, follow, max-snippet:-1, max-image-preview:large, max-video-preview:-1\" \/>\n<meta property=\"og:locale\" content=\"de_DE\" \/>\n<meta property=\"og:type\" content=\"article\" \/>\n<meta property=\"og:title\" content=\"Dienste - M&amp;D Farbenfabrik\" \/>\n<meta property=\"og:description\" content=\"Malerarbeiten Verbessern sie ihr Wohngef\u00fchl mit Farbe, Tapete oder dekorativen Wandtechniken. Nat\u00fcrlich ver\u00e4ndern wir auch ihr Haus von au\u00dfen. Neue Fassadengestaltung mittels Farbe oder komplette Sanierung, von Putz bis W\u00e4rmeverbundsystemen Q3-Q4 Spachtelung Glatte W\u00e4nde in Q3 Qualit\u00e4t, geeignet f\u00fcr Glattvliese oder sonstige Vliestapeten. Edle glatte Q4-W\u00e4nde, geeignet f\u00fcr nachfolgende Anstriche ohne Tapete Trockenbau Ver\u00e4ndern Sie [&hellip;]\" \/>\n<meta property=\"og:url\" content=\"https:\/\/test.mdfarbenfabrik.de\/?page_id=261\" \/>\n<meta property=\"og:site_name\" content=\"M&amp;D Farbenfabrik\" \/>\n<meta property=\"article:modified_time\" content=\"2022-03-06T12:20:01+00:00\" \/>\n<meta name=\"twitter:card\" content=\"summary_large_image\" \/>\n<meta name=\"twitter:label1\" content=\"Gesch\u00e4tzte Lesezeit\" \/>\n\t<meta name=\"twitter:data1\" content=\"1\u00a0Minute\" \/>\n<script type=\"application\/ld+json\" class=\"yoast-schema-graph\">{\"@context\":\"https:\/\/schema.org\",\"@graph\":[{\"@type\":\"WebSite\",\"@id\":\"https:\/\/test.mdfarbenfabrik.de\/#website\",\"url\":\"https:\/\/test.mdfarbenfabrik.de\/\",\"name\":\"M&amp;D Farbenfabrik\",\"description\":\"Ihr Malerfachbetrieb aus Darmstadt &amp; Umgebung\",\"potentialAction\":[{\"@type\":\"SearchAction\",\"target\":{\"@type\":\"EntryPoint\",\"urlTemplate\":\"https:\/\/test.mdfarbenfabrik.de\/?s={search_term_string}\"},\"query-input\":\"required name=search_term_string\"}],\"inLanguage\":\"de\"},{\"@type\":\"WebPage\",\"@id\":\"https:\/\/test.mdfarbenfabrik.de\/?page_id=261#webpage\",\"url\":\"https:\/\/test.mdfarbenfabrik.de\/?page_id=261\",\"name\":\"Dienste - M&amp;D Farbenfabrik\",\"isPartOf\":{\"@id\":\"https:\/\/test.mdfarbenfabrik.de\/#website\"},\"datePublished\":\"2016-11-10T15:42:51+00:00\",\"dateModified\":\"2022-03-06T12:20:01+00:00\",\"breadcrumb\":{\"@id\":\"https:\/\/test.mdfarbenfabrik.de\/?page_id=261#breadcrumb\"},\"inLanguage\":\"de\",\"potentialAction\":[{\"@type\":\"ReadAction\",\"target\":[\"https:\/\/test.mdfarbenfabrik.de\/?page_id=261\"]}]},{\"@type\":\"BreadcrumbList\",\"@id\":\"https:\/\/test.mdfarbenfabrik.de\/?page_id=261#breadcrumb\",\"itemListElement\":[{\"@type\":\"ListItem\",\"position\":1,\"name\":\"Startseite\",\"item\":\"https:\/\/test.mdfarbenfabrik.de\/\"},{\"@type\":\"ListItem\",\"position\":2,\"name\":\"Dienste\"}]}]}<\/script>\n<!-- \/ Yoast SEO plugin. -->","yoast_head_json":{"title":"Dienste - M&amp;D Farbenfabrik","robots":{"index":"noindex","follow":"follow","max-snippet":"max-snippet:-1","max-image-preview":"max-image-preview:large","max-video-preview":"max-video-preview:-1"},"og_locale":"de_DE","og_type":"article","og_title":"Dienste - M&amp;D Farbenfabrik","og_description":"Malerarbeiten Verbessern sie ihr Wohngef\u00fchl mit Farbe, Tapete oder dekorativen Wandtechniken. Nat\u00fcrlich ver\u00e4ndern wir auch ihr Haus von au\u00dfen. Neue Fassadengestaltung mittels Farbe oder komplette Sanierung, von Putz bis W\u00e4rmeverbundsystemen Q3-Q4 Spachtelung Glatte W\u00e4nde in Q3 Qualit\u00e4t, geeignet f\u00fcr Glattvliese oder sonstige Vliestapeten. Edle glatte Q4-W\u00e4nde, geeignet f\u00fcr nachfolgende Anstriche ohne Tapete Trockenbau Ver\u00e4ndern Sie [&hellip;]","og_url":"https:\/\/test.mdfarbenfabrik.de\/?page_id=261","og_site_name":"M&amp;D Farbenfabrik","article_modified_time":"2022-03-06T12:20:01+00:00","twitter_card":"summary_large_image","twitter_misc":{"Gesch\u00e4tzte Lesezeit":"1\u00a0Minute"},"schema":{"@context":"https:\/\/schema.org","@graph":[{"@type":"WebSite","@id":"https:\/\/test.mdfarbenfabrik.de\/#website","url":"https:\/\/test.mdfarbenfabrik.de\/","name":"M&amp;D Farbenfabrik","description":"Ihr Malerfachbetrieb aus Darmstadt &amp; Umgebung","potentialAction":[{"@type":"SearchAction","target":{"@type":"EntryPoint","urlTemplate":"https:\/\/test.mdfarbenfabrik.de\/?s={search_term_string}"},"query-input":"required name=search_term_string"}],"inLanguage":"de"},{"@type":"WebPage","@id":"https:\/\/test.mdfarbenfabrik.de\/?page_id=261#webpage","url":"https:\/\/test.mdfarbenfabrik.de\/?page_id=261","name":"Dienste - M&amp;D Farbenfabrik","isPartOf":{"@id":"https:\/\/test.mdfarbenfabrik.de\/#website"},"datePublished":"2016-11-10T15:42:51+00:00","dateModified":"2022-03-06T12:20:01+00:00","breadcrumb":{"@id":"https:\/\/test.mdfarbenfabrik.de\/?page_id=261#breadcrumb"},"inLanguage":"de","potentialAction":[{"@type":"ReadAction","target":["https:\/\/test.mdfarbenfabrik.de\/?page_id=261"]}]},{"@type":"BreadcrumbList","@id":"https:\/\/test.mdfarbenfabrik.de\/?page_id=261#breadcrumb","itemListElement":[{"@type":"ListItem","position":1,"name":"Startseite","item":"https:\/\/test.mdfarbenfabrik.de\/"},{"@type":"ListItem","position":2,"name":"Dienste"}]}]}},"_links":{"self":[{"href":"https:\/\/test.mdfarbenfabrik.de\/index.php?rest_route=\/wp\/v2\/pages\/261","targetHints":{"allow":["GET"]}}],"collection":[{"href":"https:\/\/test.mdfarbenfabrik.de\/index.php?rest_route=\/wp\/v2\/pages"}],"about":[{"href":"https:\/\/test.mdfarbenfabrik.de\/index.php?rest_route=\/wp\/v2\/types\/page"}],"author":[{"embeddable":true,"href":"https:\/\/test.mdfarbenfabrik.de\/index.php?rest_route=\/wp\/v2\/users\/1"}],"replies":[{"embeddable":true,"href":"https:\/\/test.mdfarbenfabrik.de\/index.php?rest_route=%2Fwp%2Fv2%2Fcomments&post=261"}],"version-history":[{"count":9,"href":"https:\/\/test.mdfarbenfabrik.de\/index.php?rest_route=\/wp\/v2\/pages\/261\/revisions"}],"predecessor-version":[{"id":388,"href":"https:\/\/test.mdfarbenfabrik.de\/index.php?rest_route=\/wp\/v2\/pages\/261\/revisions\/388"}],"wp:attachment":[{"href":"https:\/\/test.mdfarbenfabrik.de\/index.php?rest_route=%2Fwp%2Fv2%2Fmedia&parent=261"}],"curies":[{"name":"wp","href":"https:\/\/api.w.org\/{rel}","templated":true}]}}